-6 - (-8 - 6))) + 3.
-1
What is the value of 0 - -11 - 3 - (2 - -2)?
4
Evaluate -3 + 4 + (4 - 7).
-2
What is 1 + -1 + 2 - (-2 - 1)?
5
What is the value of -5 + (10 - (-11 + 10))?
6
What is the value of -5 - (5 - (-1 - -12))?
1
Calculate -16 + 3 + 6 + -1.
-8
Evaluate -1 - 1 - (-22 - -48 - 17).
-11
What is the value of -2 - (3 - 6) - 7?
-6
Evaluate 2 + -13 + 11 + 0.
0
Calculate 3 + 6 + (-5 - 0).
4
What is the value of 9 + -3 + -8 + (1 - 2)?
-3
-3 + 9 + -5 + (1 - 0)
2
Calculate 1 - 1 - -1 - (3 + 1).
-3
Calculate 3 - (-5 + 2 - -12).
-6
Calculate -7 + 13 + -4 + 4.
6
Calculate -8 + (0 - 0) + -35 + 36.
-7
2 + (3 + -4 - 5) + 4
0
Evaluate 3 + 3 + 12 + -21.
-3
(4 - -6) + (-3 - 1) + -4
2
Calculate -6 + 3 + 5 - 3.
-1
Evaluate -7 - (0 - 4 - 3).
0
What is 3 + -5 + 0 + 7 + -3?
2
Evaluate (7 - 12 - -2) + -2.
-5
(0 - -10) + 0 + -49 + 43
4
14 + -8 - (-3 - -12)
-3
(5 + -6 - (7 + -12)) + 0
4
Evaluate (0 - 4) + -1 - -5.
0
What is 1 - ((6 - 4) + -6) - 7?
-2
-3 - (10 + -10 + -8)
5
What is 1 + (-5 + 2 - -2)?
0
3 + 0 + 2 + -8
-3
What is the value of -27 - -23 - (1 + -3)?
-2
What is -4 - -2 - -4 - (-20 + 17)?
5
Calculate (-5 - -2 - 8) + 3.
-8
Evaluate 6 + (5 - (-5 + 24 + -2)).
-6
Calculate 8 + (0 - (18 + 8 + -8)).
-10
Calculate (2 - 10) + (-1 + 4 - 0).
-5
What is 4 + (8 - 8) - (1 - -8)?
-5
What is 7 - ((2 - 4) + 4)?
5
What is 2 + -8 + (-13 - -17)?
-2
Evaluate -3 + -2 - (2 + -4) - -3.
0
Calculate 3 - 0 - (-16 - -19).
0
2 + 4 + -7 + (0 - -1)
0
What is the value of 9 + -20 + 14 + -1 + 1?
3
What is (1 - (4 + -3)) + (8 - 7)?
1
Evaluate (-3 - -11) + (-14 - -6).
0
What is 0 + -5 + 2 + 8?
5
What is the value of 8 - 1 - (2 + (-2 - -3))?
4
6 - (5 + -15 + 8 + -2)
10
What is the value of 6 + -7 + -2 + 3 + 5?
5
Calculate -9 + (-6 - -7) - -11.
3
Calculate -9 + 11 + (-3 - 2).
-3
What is the value of (-2 - -1) + 7 + 2?
8
-1 + -2 + (-4 + 8 - 0)
1
What is the value of -4 + (-10 - -26) + -3?
9
Calculate -5 + -1 - (14 + -8 - 10).
-2
Evaluate (2 - (-3 + 3)) + 2.
4
-1 + -1 - (-24 + 22)
0
What is (3 + 6 - 15) + 8?
2
What is 5 + -6 + -2 - 0?
-3
What is 8 + -6 + 3 + -4?
1
What is the value of 3 + -6 - (-28 + 31)?
-6
What is -13 - -11 - (1 + -6)?
3
Evaluate (-1 - -4) + 4 + -12.
-5
Calculate 2 - (1 + (-3 - 1)).
5
Evaluate (9 - 14 - -2) + 1.
-2
What is -6 - (-4 - 0) - -8 - 12?
-6
Evaluate -5 + (2 + 2 - 3 - 1).
-5
What is the value of -260 + 257 - (0 + -16 + 2)?
11
What is the value of (-23 - -7) + 9 - -15?
8
What is the value of 2 + -6 + 4 - 2?
-2
What is the value of 31 + -27 - (2 + 4)?
-2
What is -21 - -13 - (-1 - 0) - -4?
-3
What is the value of (1 - 1 - 2) + 5 + -7?
-4
What is -3 + -2 - -7 - 1?
1
Evaluate 0 + 2 - (8 + -2).
-4
What is the value of 1 + (10 - (-5 + 10))?
6
Calculate (1 - -17) + -3 + (13 - 20).
8
Calculate (-3 - -4) + -2 + 1 + -3.
-3
What is the value of -3 + 2 + 0 + -1?
-2
What is the value of 5 + -9 + 3 + -1?
-2
What is the value of 1 - (-2 - -4) - -5 - 5?
-1
What is the value of 7 + -8 + 3 + 0 + 2?
4
What is 2 + 8 + -4 + -4 + 3?
5
Calculate (3 - (-1 - 0)) + (-12 - -15).
7
-10 + 19 + (-10 - -4)
3
Calculate -1 + -5 + 1 + 118 + -115.
-2
Calculate 15 + -5 + 2 - 4.
8
What is the value of -1 - ((11 - 5) + -1) - -5?
-1
What is 14 + -1 + (-2 - 3)?
8
Calculate 3 + -2 - (8 + -11 + 8).
-4
What is the value of 87 + -86 + (2 - (2 + 2))?
-1
-13 - (12 - (3 + 22))
0
Calculate 0 + 13 + (226 - 238).
1
Evaluate 3 - -8 - (12 + -6).
5
Evaluate 1 - (0 - -1) - (7 + -2).
-5
What is the value of 0 - -2 - (-3 - (-3 + -1))?
1
(1 - 4 - 2) + -6 + 3
-8
What is the value of -1 + (-16 - -10 - -14)?
7
Calculate -7 + 2 + (7 - 2) + -6.
-6
Calculate -1 - (4 + -3 + -3).
1
What is the value of (7 + -5 - 12) + 5?
-5
What is the value of 7 + (-10 - -12) - 7?
2
What is -1 + (0 - 0) - (-100 - -97)?
2
Calculate -2 + 7 + (4 - 1) - 3.
5
Evaluate 0 + -2 - (-23 - -29) - -5.
-3
8 - -1 - (-8 + 4 + 8)
5
Evaluate 4 + (-5 - -1) + 0.
0
-2 + -2 - (1 + -4) - 3
-4
What is -2 - ((-10 - -4) + 7)?
-3
What is the value of -7 + -6 + 12 + (0 - 0)?
-1
Evaluate 2 - (-3 + 2 - -5).
-2
-6 - (1 + -2 + -6 + 5)
-4
Evaluate (5 - -1 - 3) + (1 - 9).
-5
Evaluate 48 + -39 - (4 - -12).
-7
3 + -5 + 5 + -3 + 4
4
Calculate 19 + -6 + -15 - -12.
10
Evaluate 2 - (-4 - -2 - (-9 - -4)).
-1
Calculate (-3 - 4) + (2 - -15 - 2).
8
Calculate 5 + -11 + -7 + 9.
-4
Evaluate 31 + -29 - (1 + -2).
3
What is the value of (-1 - (-2 - 2) - -1) + -6?
-2
What is the value of -2 - (-2 + -11 - -22)?
-11
1 + (-2 - 0) + (13 - 12)
0
Evaluate 4 + (1 - -1) - 11.
-5
What is 2 + 5 + -2 + -3?
2
Evaluate -4 - (4 + -1) - -1.
-6
0 + -1 + 2 - 0 - -4
5
Calculate -12 + (-1 + 5 + 6 - 5).
-7
Evaluate -1 + 5 + (-2 - (-1 - -2)).
1
-3 + (5 - 0) + (-9 - -10)
3
Calculate 3 + -5 + 4 + 2.
4
Evaluate (-3 - 12) + 48 + -34.
-1
-4 + (3 - -11) + -5
5
3 - (10 - (3 - (-4 - -4)))
-4
Calculate -5 + (-3 + 2 - (3 + -4)).
-5
Evaluate (1 - -3) + -23 + 24.
5
Calculate 1 + -10 - (64 - 72).
-1
What is 4 - (-8 + -1 - -8)?
5
Calculate -6 + 0 + (-1 - 1).
-8
What is 1 - (1 - (-4 - -7))?
3
What is the value of -48 - -47 - (0 - (-2 - 0))?
-3
Evaluate -2 - (-2 + -3) - -2 - 0.
5
What is 3 + 1 + -3 - (-2 - -4)?
-1
Calculate 12 - (-5 + (18 - 4) + -6).
9
What is (-1 - (0 - -7)) + 7?
-1
9 - 12 - (6 - (3 + 11))
5
-6 + (3 - 2 - 1 - -6)
0
Evaluate 2 + (5 - (-3 + 6)) + -5.
-1
What is 5 - (-1 - -6) - (1 - -3)?
-4
-3 + (-1 - -1) + 1
-2
Evaluate 5 - ((-15 + -3 - -6) + 8).
9
Evaluate 0 - (2 + (-8 - -4)).
2
What is (0 - (0 + -4)) + -16 + 7?
-5
Calculate -2 + -9 + 1 - (-20 - -21).
-11
Evaluate (-4 - -1) + (-3 - -6) - -5.
5
-3 - (0 + (-9 - -4))
2
Calculate -10 + (-1 - -11) - 2.
-2
Evaluate 0 + 22 + -11 + -2.
9
-1 - (-1 + 3) - (0 - -1)
-4
What is -5 + (1 - (0 + 4)) + 1?
-7
Evaluate -4 + 0 - (89 - 96).
3
What is (0 - (-5 + 4 + 1)) + -2?
-2
Evaluate (15 - (9 + 13)) + 13.
6
7 + (4 + -2 - 7)
2
What is (4 - -1) + -34 + 26?
-3
Evaluate 24 + -11 - (4 - -4).
5
Evaluate 11 - -1 - (31 + -11).
-8
What is the value of -2 - (2 - 4) - -1?
1
What is the value of ((2 - 4) + 1 - 3) + -1?
-5
Evaluate 9 + 1 - (-16 - -35).
-9
Calculate -3 + 3 + 6 + -11.
-5
What is -11 - -13 - (-2 - 1)?
5
What is 6 + 2 - 2 - 2?
4
Evaluate (-6 - -1 - -7) + -5.
-3
What is the value of 1 - (3 - 3) - -2?
3
What is the value of 3 + -23 + 16 + 1 + 0?
-3
What is the value of (0 - (-3 - -3)) + -2?
-2
Calculate 2 + -10 + (6 - 1).
-3
-4 - -12 - (5 + 7)
-4
What is (-2 - -1) + 16 + -21?
-6
Calculate -5 + 6 - 0 - -2.
3
Evaluate -10 + (7 - (-1 + 4 - -3)).
-9
Calculate -1 + -5 - -6 - (5 - 1).
-4
What is -1 - ((2 - (4 + -7)) + -10)?
4
What is the value of (-2 - 0 - (6 + 0)) + 2?
-6
-1 - -1 - (1 + -3 + 7)
-5
Evaluate (-3 - -1) + -2 + 9.
5
-6 + (5 - -2) + (-3 - -2)
0
Evaluate (137 - 139) + (4 - 1).
1
What is -1 - (1 - 4) - 4?
-2
-1 + -1 + 1 + (-1 - 1)
-3
Calculate -4 + (1 - 3 - -2) + 5.
1
Evaluate -2 + -3 + 2 + 0 - 0.
-3
Evaluate -2 - (7 + (4 - 0 - 9)).
-4
Evaluate -3 + (-19 - -22) + 3 + 1.
4
Evaluate -25 + 32 - (5 - 1) - -2.
5
What is -9 + (-9 - (-1 - 9))?
-8
Evaluate 6 - (5 - (14 + -11)).
4
What is -15 + 10 - (1 + -5)?
-1
Calculate 6 + -9 + (-3 - -3).
-3
Calculate (-1 - 0 - (-6 - -4)) + 4.
5
-4 + -3 + 11 - (2 + 1)
1
What is the value of -4 - -3 - -7 - 13?
-7
What is -2 + (-2 - -10) - 12?
-6
Evaluate (9 - 8) + (-3 - -2).
0
What is -5 + 13 + -1 - (3 + 6)?
-2
Calculate 1 - 7 - (-48 + 48).
-6
What is the value of 8 + -14 + 2 + 2?
-2
What is the value of 1 + (-1 - -4 - 1) - 2?
1
What is (1 - (0 + 1 + -1)) + -2?
-1
What is the value of (11 - 4) + (-8 - -10)?
9
6 + 2 - 6 - -5
7
What is -3 + (0 - 6 - -4 - 0)?
-5
Calculate -3 + (0 - -1 - 0) - 2.
-4
What is the value of (-2 - -3 - 1) + 3?
3
Calculate 4 + -3 + (6 - 15) + 1.
-7
Calculate -10 + 22 - (-2 - -12).
2
-5 + (1 - 0) + 2
-2
(-1 + -1 - 2) + 46 + -42
0
What is the value of 0 - ((-6 - -8) + 7)?
-9
What is the value of 6 - (-1 - -11 - (-34 - -38))?
0
What is (6 - (-9 + 9)) + (0 - 1)?
5
Evaluate 9 + 7 + -8 + -14.
-6
-28 - -22 - (-3 - 0)
-3
What is 2 + -4 - 2 - (-9 - 3)?
8
1 + (-2 - (1 + -2)) - 3
-3
Calculate -9 + 2 - (20 + -27).
0
Evaluate -8 - ((17 - 6) + -25).
6
Calculate 8 - (-2 - 0 - (-4 + 0)).
6
2 - (1 + 1 + -2) - 3
-1
What is the value of -12 + (-8 - -2 - -12)?
-6
(-2 - -2) + (-9 - -10)
1
What is the value of 4 - (15 - (7 - 0))?
-4
What is (0 + -2 - -6) + -6?
-2
What is the value of 6 + 0 + (2 - (3 + 1))?
4
16 - 16 - (0 - 3)
3
What is the 